he greatest common factor of t and k?
3
Suppose -5*w = w + w. Suppose 5*v = -2*l - 3*l + 45, w = -l - 3*v + 9. What is the greatest common factor of l and 9?
9
Let n = 49 + -85. Let m be (-3 - n/8) + (-117)/(-6). Calculate the highest common divisor of m and 7.
7
Let p = 343 - 297. Calculate the greatest common divisor of p and 322.
46
Suppose -14 + 54 = g. Calculate the greatest common divisor of 340 and g.
20
Suppose 0 = 2*h + 5*i - 7*i - 48, 5*i = -4*h + 87. Calculate the greatest common factor of h and 667.
23
Suppose -2*w + 440 = r, -2*w - 18 = -8. Suppose -90 + r = 3*k. What is the greatest common factor of 15 and k?
15
Suppose 4*k - 19*b = -18*b + 133, -65 = -2*k + b. What is the highest common factor of 187 and k?
17
Suppose -2*t + 5*d + 195 = t, -2*t - 4*d + 152 = 0. Let x be 2/(-6) - t/(-30). Suppose 5*b = 3 + x. Calculate the highest common divisor of 11 and b.
1
Suppose 3186 = 5*o - 2*k, 4*k + 859 = -2*o + 2143. What is the greatest common factor of o and 44?
22
Let o be (-3 - 0)/((-11)/((-1144)/(-12))). Calculate the greatest common divisor of 1612 and o.
26
Suppose -33*r = -26*r - 3024. Let a = 7 + -2. Suppose -o - r = -a*o. Calculate the highest common factor of 12 and o.
12
Let s be ((-60)/70)/((-1)/7). Let j(v) = 4*v - 2. Let a be j(s). Calculate the highest common factor of 33 and a.
11
Let p = 4 - 1. Let u be ((-1)/(-2))/((-2)/(-24)). Suppose -p*k - 105 = -u*k. Calculate the greatest common divisor of 7 and k.
7
Suppose -2*q + 42 = 2. Suppose 5*u = -2*g + 1102, -2*g - 547 = -5*u + 551. Calculate the greatest common factor of u and q.
20
Suppose 0 = 2*s - 233 - 581. What is the greatest common factor of 37 and s?
37
Let s(u) = -u**3 - 6*u**2 + 4*u + 1. Let t be s(-7). What is the greatest common factor of t and 99?
11
Suppose -143 = -2*r - r - 2*s, 5*r + 5*s = 245. Suppose 4*c - 9 = c. Let n be ((-8)/(-12))/(c/135). Calculate the greatest common factor of r and n.
15
Let a be 1*1/(2/14). Suppose 2*t - a*t = -60. Let z(g) = -g**2 + 139*g - 1500. Let i be z(12). What is the highest common divisor of t and i?
12
Suppose -1000 = -79*b + 74*b. Suppose 290 = 5*f + 90. What is the highest common factor of b and f?
40
Suppose 15*v - 16*v + 153 = -3*r, -4*v + r = -568. Calculate the highest common factor of v and 3.
3
Let h(u) = -13*u - 10. Let r be h(-3). Let q = 32 - r. Let w(j) = 25*j + 2. Let d be w(q). Calculate the greatest common factor of d and 7.
7
Let u be 6/(((-4)/2)/2). Let g be 2148/u + 4/2. Let c be 2/10 - g/20. Calculate the greatest common factor of c and 90.
18
Let j(l) = -28*l. Suppose 12 = -2*b + 4. Let c be j(b). Suppose 4*v = -4*r + c, 2*v - 5*r + 20 = 3*v. What is the highest common factor of 330 and v?
30
Suppose 14 = u - 1. Suppose u*t - 98 = 247. Suppose 5*b - 2*d - 1275 = 0, 0 = 3*d - 2 + 17. What is the greatest common factor of t and b?
23
Let s(r) = r**2 - 8*r + 2. Let v be s(3). Let b = 30 + v. What is the greatest common divisor of 119 and b?
17
Let y(p) = -12*p**2 - p + 1. Let c be y(1). Let x be 175/42 - (-2)/c. Suppose -g + 6 = -6. What is the greatest common divisor of x and g?
4
Suppose -5*m = 3*i + 862 - 3388, 2*i + 500 = m. Suppose j = -11*j + m. What is the greatest common divisor of j and 12?
6
Suppose -5*y - 35 + 240 = 0. What is the greatest common factor of 369 and y?
41
Suppose 0 = 2*f - s - 9, 4*f - 5*s + 4 = 13. Calculate the highest common factor of 10 and f.
2
Let t(s) = -s**2 + 6*s + 18. Let g be t(7). Let c = 2 - 1. Calculate the highest common factor of g and c.
1
Suppose -2*h + 3*u = -123, 3*h - 175 = -u - 4*u. Let o = h + -52. Calculate the highest common divisor of 64 and o.
8
Let p = 830 - 788. Calculate the highest common factor of p and 12.
6
Let l(a) = a**3 - 4*a**2 - 3*a + 4. Let r be l(4). Let w be (-2)/r + (-1338)/(-24). Let m = -37 - -45. What is the greatest common factor of m and w?
8
Let r be ((-16)/3)/((-50)/(-825)). Let a be (-1304)/r - 2/(-11). Calculate the greatest common factor of 6 and a.
3
Suppose 9*m - 130 = -49. Suppose -b + m = -57. What is the highest common factor of b and 165?
33
Suppose -2*p = p. Suppose -f + 6 = 3*i + 19, 4*f + 2*i + 22 = p. Let u be ((-5)/f)/(9/324). What is the highest common divisor of 9 and u?
9
Let j be ((-275)/(-2)*-1)/((-8)/16). Calculate the greatest common factor of 495 and j.
55
Let y(d) = 10 - 2 + 6*d - 9*d. Let o(k) = -6*k + 16. Let i(h) = -3*o(h) + 7*y(h). Let z be i(-4). Calculate the highest common factor of z and 50.
10
Let v(n) = 2*n**2 + 30*n - 10. Let h be v(-18). Calculate the highest common divisor of h and 637.
49
Suppose c = -0*c + 18. Suppose 1259 = -3*t - 28. Let g = -267 - t. Calculate the greatest common divisor of c and g.
18
Suppose 0 = 2*l + g - 6, -l - 2*g - g = -3. Suppose l*p - 29 = -5*t, 1 + 3 = t. Suppose -4*j + 9 = -p. Calculate the highest common factor of 21 and j.
3
Suppose -5*c + 1611 = -y, c - 3*y = 6*c - 1627. Let z be c - (42/10 + (-2)/10). What is the highest common divisor of 29 and z?
29
Let d = 22 + 11. Let b = d - 28. Calculate the greatest common factor of 20 and b.
5
Let o = 47 + -33. Suppose -3*l + 4*s = -21, -3*l - s + 28 = l. What is the greatest common factor of l and o?
7
Let z(o) be the first derivative of -o**4/4 + 14*o**3/3 + o**2/2 + 6*o + 11. Let w be z(14). Calculate the greatest common factor of 160 and w.
20
Let v(m) = -28*m - 56. Let o be v(-6). What is the highest common factor of 21 and o?
7
Suppose 2*z = -z + 6. Suppose 3*k - n - 10 = -6*n, 0 = -5*k - z*n + 23. Let h be (-4)/(-2)*(-15)/(-2). What is the greatest common divisor of k and h?
5
Suppose 89 = 9*o - 181. What is the highest common factor of 660 and o?
30
Suppose 364 - 44 = 4*z. What is the highest common divisor of z and 320?
80
Let v be (-2646)/84*42/(-9). What is the greatest common divisor of v and 490?
49
Suppose r = -5, 2*m - 5*r - 170 = 15. Calculate the highest common factor of m and 720.
80
Let y(m) = -m**2 - 8*m + 11. Let r be y(-10). Let f be 12/(-18) - 105/r. Calculate the greatest common divisor of 1 and f.
1
Let w = 4 - -22. Suppose 7*q = 44 + w. Let s be 4/(-4) + 31*1. What is the greatest common factor of s and q?
10
Let k be ((-2)/(-4))/((-74)/(-4144)). Calculate the greatest common divisor of 378 and k.
14
Let o be ((-24)/(-9))/(4/6). Suppose -244 - 156 = -o*k. Let d = 40 - 15. What is the highest common factor of d and k?
25
Let p be (-9)/12*(-1620)/3. What is the greatest common factor of p and 15?
15
Suppose 0 = 4*o + h - 17, -2*h - h = -5*o + 17. Let m(w) = 18*w - 18. Let d be m(o). What is the highest common divisor of 6 and d?
6
Let k = 12 - 20. Let a be k/(-36) + (-38)/9. Let x be (-6)/a + 70/28. Calculate the greatest common factor of x and 2.
2
Suppose -15*g + 13*g = -24. Suppose g = 3*u - 54. What is the greatest common factor of 55 and u?
11
Suppose 0 = -5*f + f + 36. Let d be (1 - -2 - (-1 - 2))/2. Suppose -3*t - 390 = -4*g, -d*g + t + 174 = -121. What is the highest common factor of f and g?
9
Suppose o - j - 234 = 0, -2*j + 4*j = -6. Calculate the highest common factor of o and 66.
33
Let t(a) = a**2 + 10*a + 9. Let c be t(-9). Suppose 3*r + 3*w - 141 = c, -24 = -4*w - 4. Calculate the highest common factor of r and 168.
42
Suppose 16 = -2*i + 2*s - 5*s, -5*i + 5*s - 40 = 0. Let r be i*4/(8/(-10)). Suppose -2*w = 3*w - r. Calculate the greatest common divisor of w and 16.
8
Suppose -4*w + 19 = 3, -2*w = 2*y - 106. Calculate the highest common factor of y and 14.
7
Let m(c) = 15*c - 1. Let w be m(33). Calculate the highest common divisor of 38 and w.
38
Suppose 4*l - 5*j = 5*l - 152, -4*l - j = -703. What is the highest common factor of 3 and l?
3
Let r(z) = 2*z**3 - 5*z**2 - 18*z + 54. Let y be r(4). What is the greatest common factor of 3210 and y?
30
Let x = 1052 - 556. Calculate the greatest common factor of 62 and x.
62
Let y = 25 + -17. Calculate the greatest common divisor of 18 and y.
2
Let u(l) = l**2 + 8*l - 3. Let s be u(-9). Let c be 9*-5*8/(-12). Calculate the greatest common factor of s and c.
6
Suppose 0*c = 3*c - 5*t - 501, 327 = 2*c - t. What is the greatest common divisor of c and 54?
54
Let a be (1 - 4) + (-6 - (22 - 41)). What is the highest common factor of 140 and a?
10
Suppose -16*j + 764 = -516. Let i = -62 + j. Calculate the greatest common divisor of 72